p - 3*f + 97 = 0. Suppose -m + 63 = 14. What is the remainder when m is divided by p?
15
Let q be (-1)/2 - (-21)/6. Suppose -5*y = 2*t - 21, 0*t + 9 = q*t. Calculate the remainder when (-186)/(-4)*2/y is divided by 11.
9
Let f(z) = 7*z. Let b be f(1). Suppose -31 = -2*o + b. Calculate the remainder when o is divided by 7.
5
Let t = -124 - -236. Suppose 8*q - t = 4*q. Calculate the remainder when ((-82)/(-3))/((-6)/(-18)) is divided by q.
26
Let x be (-4 + 1)/((-33)/44). Calculate the remainder when 41 is divided by (-2)/(4/(-7))*x.
13
Suppose -266 = 2*h - 9*h. What is the remainder when h is divided by 10?
8
Suppose 3*v - 57 = -4*i, 0 = -5*i + 2*v + v + 78. Calculate the remainder when ((-54)/8)/((-3)/12) is divided by i.
12
Suppose 0 = -3*k - 10 + 1. Let s(c) = 4*c + 3. Calculate the remainder when (3/4)/(k/(-84)) is divided by s(2).
10
Let v = 6 - -1. Suppose 2*g = 5*i - 17, 0 = 3*i - 0*i - 2*g - v. Calculate the remainder when i is divided by 4.
1
Let x(p) = 0*p**2 + 2 + 2*p**2 + 3 - 7 - 5*p. Calculate the remainder when x(-3) is divided by 8.
7
Suppose 6*t = 2*t + 124. Calculate the remainder when 121 is divided by t.
28
Let z = 1 + 5. Let u be (0 - -3) + 5 + -4. Let q = z - u. What is the remainder when 2 is divided by q?
0
Let h = -104 + 146. Calculate the remainder when h is divided by 11.
9
Let m(q) be the second derivative of -2/3*q**3 + 0*q**2 - 3*q - 1/3*q**4 + 1/20*q**5 + 0. Calculate the remainder when 13 is divided by m(5).
3
Suppose 0 = 2*r - 10, v = 2*v - 2*r - 74. Suppose 0 = 5*s + s - v. Calculate the remainder when 26 is divided by s.
12
Let l(b) = 65*b**3 - 2*b**2 + 6*b - 5. What is the remainder when l(1) is divided by 34?
30
Let j be 246/30 + (-1)/5. Suppose 2*o - j = 4. Let c = 18 - 2. Calculate the remainder when c is divided by o.
4
Let q = 32 + -7. Calculate the remainder when q is divided by 9.
7
Suppose 0 = -3*w + p - 6*p + 76, 3*w - 80 = -4*p. What is the remainder when w is divided by 7?
4
Suppose 3*n - 26 = 5*u, 3*n - 10 = -5*u + 36. Calculate the remainder when 21 is divided by n.
9
Let m(z) = z**3 + 6*z**2 - 10*z - 6. Suppose 0*f - 13 = 4*u - f, 4*f = -u + 18. Let k(s) = -3*s + 2. What is the remainder when m(-7) is divided by k(u)?
7
Suppose -f - 5 = -49. Calculate the remainder when 217 is divided by f.
41
Let l(r) = 2*r**2 - 3*r - 1. Let b be l(-4). Let z = b + -30. Calculate the remainder when 49 is divided by z.
10
Calculate the remainder when 30 + (6 - 10 - -1*1) is divided by 14.
13
Suppose 56 + 7 = 9*s. Let x be 2/7 - (-44)/(-7). What is the remainder when ((-33)/9)/(2/x) is divided by s?
4
Calculate the remainder when (525/(-12))/7*(-13 + 1) is divided by 28.
19
Suppose -124 = -6*t + 122. What is the remainder when 202 is divided by t?
38
Suppose 5*a = 95 - 20. Let r be (-6)/3*(-1 - -2). Calculate the remainder when (-168)/9*3/r is divided by a.
13
Let c = -31 + 39. What is the remainder when 29 is divided by c?
5
Let z(s) = 3*s**2 - 3*s + 1. Suppose -5*q - 13 = -5*l - 4*q, 8 = 4*q. What is the remainder when 55 is divided by z(l)?
17
Let j(w) = -w + 14. What is the remainder when 94/8 + (-2)/(-8) is divided by j(7)?
5
Let z be (0 - -9) + 15/(-5). Let j = -4 + z. Suppose j*h + 4 = 0, -2*h + 4 = 4*i - 0*h. What is the remainder when 6 is divided by i?
0
Let i(j) = j - 2. Let s be i(4). Let y be 1 - (s + 1) - -13. Let l = y + -7. Calculate the remainder when 10 is divided by l.
2
Suppose -5 = z - 5*a - 0, 3*a = 6. Suppose 3*c = z*c - 8. What is the remainder when (-1)/c + 185/4 is divided by 16?
14
Let n be 2/(-3) + 888/9. Let i = -36 + n. What is the remainder when i is divided by 16?
14
Suppose -2*g = -9 - 47. What is the remainder when g is divided by 10?
8
Suppose 0 = t + 77 - 84. What is the remainder when t is divided by 3?
1
Suppose 0 = 5*u + 2*h - 356, 0*u + 5*u + h = 353. Suppose 7*i - 2*i - u = 0. Calculate the remainder when i is divided by 5.
4
Let b(w) be the first derivative of w**4/4 + 5*w**3/3 - 7*w**2/2 + 2. What is the remainder when b(-5) is divided by 9?
8
Let r(v) = 7*v**2 - 4*v + 2. Let x(n) = -n**3 + 5*n**2 + 4*n + 6. Let c be x(6). Calculate the remainder when r(2) is divided by (-2)/c*0 + 12.
10
Calculate the remainder when 80 is divided by 735/14*(-6)/(-45)*6.
38
Let i be -1 + 1 + (1 - -1). Let j(f) = -2*f**i + f**2 + 9 + f + 0*f**2. Calculate the remainder when 16 is divided by j(0).
7
Let b be (-4 + 5)*(-10)/(-2). Let v = b + -3. Suppose -2*j + 184 = v*j. What is the remainder when j is divided by 16?
14
Let o be 16/(-4)*(-1 - 0). Let i(u) = -u**3 + 4*u**2 + u. Let s(m) = 2*m**2 + m - 1. Calculate the remainder when i(o) is divided by s(1).
0
Suppose 5*z - 118 = -13. Let y = -121 + 183. What is the remainder when y is divided by z?
20
Suppose 5*x - 3*x = 2*a + 14, 0 = 3*x - 4*a - 23. Suppose m + 18 = 3*m. Calculate the remainder when m is divided by x.
4
Suppose 5*z + s = 46, -3*z + 3*s + 20 = -4. Calculate the remainder when z is divided by 3.
0
Let i = 42 + -33. What is the remainder when i is divided by 6?
3
Suppose -15 = -3*w, -45 = -5*d + 4*w - 5. What is the remainder when 34 is divided by d?
10
Let t = 19 - 2. Suppose -10 = 2*j - 2*s, 5*s - 2 = -j + t. What is the remainder when j - -4 - (2 - 1) is divided by 1?
0
Let s = -12 + 51. Calculate the remainder when s is divided by 8.
7
Suppose 2*m + 5*p + 0 = 11, -38 = 4*m - 2*p. Let a = 26 + m. What is the remainder when a is divided by 5?
4
Let n = 15 - 15. Suppose n = -3*h - 2*h + 15. What is the remainder when 8 is divided by h?
2
Suppose -19 - 96 = 5*z. Let g = z + 44. What is the remainder when (-2)/(-9) + (-1094)/(-18) is divided by g?
19
Suppose -4*m - 5*t + 254 - 18 = 0, 2*t + 262 = 5*m. Calculate the remainder when m is divided by 19.
16
Let g(j) = -2*j + 3. Let q(i) = 2*i - 4*i**3 - i**3 + 4*i**3 - 4 - i**2. Calculate the remainder when g(-6) is divided by q(-3).
7
Suppose -9*w = -7*w - 24. Calculate the remainder when 59 is divided by w.
11
Let f be 8/14*42/4. Let m be (4/6)/((-2)/(-15)). Suppose 3*c + 0*l = 5*l + 42, m*l + f = -c. What is the remainder when 17 is divided by c?
8
Let x(h) = -2*h**2 - 4*h + 5. Let j be x(-4). Let n = j - -25. What is the remainder when 40 is divided by n?
12
Suppose i = -2*v - 3, -v = 5*i - 3*v + 39. Let f(r) = -r**3 - 8*r**2 - 7*r + 6. Calculate the remainder when 16 is divided by f(i).
4
Suppose -18 = -7*a + 2*a + 3*i, -4*a + 2*i = -16. Suppose -a = 2*h + 14. Let y = h - -18. What is the remainder when 15 is divided by y?
7
Suppose -4*j + 87 = 3*y, -2*y + j + 36 = -y. Let o = 8 + 9. What is the remainder when y is divided by o?
16
Let v(b) = b**2 + 2*b - 4. Suppose -y - 4 = 5*c - 2*c, -c - 2*y = -7. Let u be v(c). What is the remainder when -12*(-3)/(u - -7) is divided by 3?
0
Let u(y) = -y + 0*y**3 + 9 - 11*y**2 + y**3 + 3*y**2. Calculate the remainder when u(8) is divided by 1.
0
Calculate the remainder when 19 is divided by (-123)/(-11) - 4/22.
8
Calculate the remainder when ((-2)/3)/((-10)/255) is divided by -2*(6*(-9)/12 + 2).
2
Calculate the remainder when (9 - 6)/(6/74) is divided by 4.
1
Suppose 70 = 5*n + 2*n. Calculate the remainder when n is divided by 4 + 0 - (1 - 0).
1
Suppose 3*m + m = 12. What is the remainder when 10 is divided by m?
1
Let q(v) = v**3 - 6*v**2 + 6*v + 4. Suppose 4*p - 5*k = 40, 33 = -0*p + 5*p - 2*k. Calculate the remainder when q(5) is divided by p.
4
Suppose 5*g - g - 12 = 0. Suppose v + 9 = g*m, -m - 4*m + 55 = 5*v. What is the remainder when 16 is divided by v?
4
Let i(d) = 9 + 2*d**2 - 3 - 3*d**3 - 4*d**2 + d**3. Let q be i(5). Calculate the remainder when (2/3)/((-4)/q) is divided by 17.
15
Calculate the remainder when 1884/15 - (-6)/(-10) is divided by 32.
29
Suppose 2*p - 14 = 20. What is the remainder when 2/5 + -646*1/(-10) is divided by p?
14
Let x(r) = r**2 - r + 8. Suppose -12 = z - 5*z. Let j(w) = w**3 + w**2 - 3*w - 4. Calculate the remainder when j(z) is divided by x(0).
7
Let c(t) = -t**3 - 8*t**2 - 8*t - 8. Let k be c(-7). Let l(b) = -2*b**3 - b**2 + 1. Suppose -m + 3*m - 2 = 0. Calculate the remainder when l(k) is divided by m.
0
Suppose -a = -10 - 86. Calculate the remainder when a is divided by 11.
8
Suppose y + 83 = 4*z + 2*y, 86 = 4*z + 2*y. Let w = 6 - 28. What is the remainder when z is divided by (-2)/(-11) - 150/w?